697
In base 11, what is 108596 + -4?
108592
In base 7, what is -10406 - -14?
-10362
In base 10, what is 10884 - -1?
10885
In base 10, what is 132039 - 0?
132039
In base 11, what is 173 + 703?
876
In base 10, what is 104024 - 4?
104020
In base 16, what is 130 - 16f?
-3f
In base 8, what is 11 - 117001?
-116770
In base 2, what is 10 - 101011011010101111100?
-101011011010101111010
In base 15, what is 3 + 41a7?
41aa
In base 15, what is -2 - -2a0dd?
2a0db
In base 8, what is -71432335 - -3?
-71432332
In base 12, what is -8 + 5a18?
5a10
In base 2, what is 1010100101 - 10010011?
1000010010
In base 4, what is 2 - -11201022313?
11201022321
In base 7, what is 11056420 + -5?
11056412
In base 16, what is 4 - 154c?
-1548
In base 14, what is 2a2 + -136?
16a
In base 15, what is -25361c + -3?
-253620
In base 8, what is 1721 - 633?
1066
In base 16, what is -285e - -2?
-285c
In base 7, what is 630423 - 4?
630416
In base 10, what is 6 + 6145?
6151
In base 5, what is -10 - 10230402?
-10230412
In base 11, what is -2691 + 4?
-2688
In base 5, what is 4143 + 33134?
42332
In base 4, what is -12 + 10132300?
10132222
In base 2, what is 1100001111011111110 + -100?
1100001111011111010
In base 13, what is 6 + ab7?
ac0
In base 10, what is 211001 - 6?
210995
In base 3, what is -2220 + 221010?
211020
In base 5, what is -3022 + 12441?
4414
In base 8, what is -2314 - 5164?
-7500
In base 2, what is -1000101 - 11110011010?
-11111011111
In base 4, what is -1 - 1203013?
-1203020
In base 10, what is -39911 + -3?
-39914
In base 9, what is 17 - 3085?
-3067
In base 10, what is -20194 + -2?
-20196
In base 8, what is -666 + 20?
-646
In base 7, what is -141343 + 45?
-141265
In base 4, what is -110 - 11313211?
-11313321
In base 14, what is -9d + -35b?
-41a
In base 11, what is -686 - -345?
-341
In base 7, what is 52 + -115?
-33
In base 5, what is -1300444 - 43?
-1301042
In base 6, what is 0 + -114012?
-114012
In base 16, what is 554 + -309?
24b
In base 14, what is 1a9908 + 1?
1a9909
In base 10, what is 63 + -1789?
-1726
In base 6, what is -305410 - -2?
-305404
In base 11, what is -33222 + 1?
-33221
In base 9, what is -173 + -12000?
-12173
In base 4, what is 201332201 + 0?
201332201
In base 8, what is -17017 - -46?
-16751
In base 10, what is -257 + 9006?
8749
In base 9, what is -1 + 1352?
1351
In base 14, what is 0 - -2624b?
2624b
In base 10, what is 53 + -2492?
-2439
In base 9, what is -3 - 11558?
-11562
In base 9, what is -2654 + 83?
-2561
In base 12, what is 2 - 1b9a48?
-1b9a46
In base 14, what is 264c7d - -4?
264c83
In base 10, what is 526699 - 4?
526695
In base 11, what is -11 - -25507?
254a6
In base 13, what is -3 - 10445?
-10448
In base 14, what is -10 + 31918?
31908
In base 13, what is -a6 - -10b?
35
In base 4, what is 11310212 + -102?
11310110
In base 5, what is -1001 + -12221?
-13222
In base 11, what is 934 + -4129?
-32a5
In base 15, what is -3a2c + -42?
-3a6e
In base 2, what is 101 - 11110011000101110?
-11110011000101001
In base 8, what is -2460 + -6154?
-10634
In base 15, what is -1cb + 48?
-183
In base 4, what is 312 - -21232?
22210
In base 16, what is 13a - -e69?
fa3
In base 9, what is 1 + 4732?
4733
In base 9, what is -3 - -753840?
753836
In base 14, what is -cb8b5 + -5?
-cb8ba
In base 8, what is -4 + 7407?
7403
In base 2, what is 101010111011001110 + -11?
101010111011001011
In base 3, what is -200002 + 112?
-122120
In base 14, what is 3c51 - -2?
3c53
In base 6, what is -1 - 42410210?
-42410211
In base 9, what is 2 - -74331?
74333
In base 6, what is -1014 - -52120?
51102
In base 4, what is -32232 + 321?
-31311
In base 15, what is 951 - b7c?
-22b
In base 15, what is -19b097 + 4?
-19b093
In base 2, what is 101101100100111 - 0?
101101100100111
In base 15, what is -c + -44a77?
-44a84
In base 7, what is 1 + -214404?
-214403
In base 8, what is 5 - -761?
766
In base 10, what is 5 - 8275?
-8270
In base 3, what is -1000221022 + 101?
-1000220221
In base 8, what is 1021142 + -5?
1021135
In base 12, what is 1089 + -49?
1040
In base 14, what is 78 + 4c?
c6
In base 8, what is 33741347 + 1?
33741350
In base 14, what is -5cc2 - -1?
-5cc1
In base 2, what is -1110101 - -101100000?
11101011
In base 14, what is -3 + 5b33?
5b30
In base 11, what is -12 + -3458?
-346a
In base 13, what is 551 - -91?
612
In base 9, what is -2 - 8585?
-8587
In base 7, what is -324334 + -55?
-324422
In base 6, what is -5 + 231313?
231304
In base 4, what is 3233 - -2020322?
2030221
In base 5, what is 444 + -43321?
-42322
In base 14, what is -21 - 218?
-239
In base 11, what is -9600a - -6?
-96004
In base 16, what is -3af - -6c3?
314
In base 2, what is 111100011010001 - 10000?
111100011000001
In base 6, what is 320225 - 15?
320210
In base 6, what is 201451 + 5?
201500
In base 10, what is 0 + -47884?
-47884
In base 3, what is -120211211 - -20011?
-120121200
In base 15, what is -190 + -7b?
-21b
In base 2, what is 101 - -1000001001100100?
1000001001101001
In base 15, what is 2 - -5dcc?
5dce
In base 13, what is -7969b - -6?
-79695
In base 3, what is -110000012 + -202?
-110000221
In base 6, what is 33221502 - -5?
33221511
In base 12, what is -2b9 - 61?
-35a
In base 8, what is 10254 - -16?
10272
In base 3, what is -20 + -220110122?
-220110212
In base 10, what is 0 + 13210?
13210
In base 8, what is -534 - -107?
-425
In base 14, what is -cb9 - 3?
-cbc
In base 11, what is -3 + 9a?
97
In base 10, what is 74 + -4907?
-4833
In base 11, what is 0 + 18637?
18637
In base 10, what is 80 + -60733?
-60653
In base 11, what is -5 - -a1a7?
a1a2
In base 16, what is -1 - -163fb?
163fa
In base 15, what is -562 - -10?
-552
In base 3, what is -10222121 - 12?
-10222210
In base 10, what is 102339 + 2?
102341
In base 10, what is 44554 + -3?
44551
In base 4, what is -203023130 - 102?
-203023232
In base 11, what is 4 - -22073?
22077
In base 4, what is -22311 - -13000?
-3311
In base 9, what is 448 - 17751?
-17302
In base 5, what is -103010 + 0?
-103010
In base 5, what is 1 - 3341014?
-3341013
In base 14, what is 5c + 518?
576
In base 8, what is 5660 - 11?
5647
In base 7, what is -1 - 13122?
-13123
In base 10, what is 32822 + 34?
32856
In base 9, what is -21 + 305731?
305710
In base 8, what is 235 - -2231?
2466
In base 8, what is -2062 + 22?
-2040
In base 6, what is -24 + 2512?
2444
In base 4, what is -1 - 122321313?
-122321320
In base 13, what is -1 + 31502?
31501
In base 8, what is 10 - -4647?
4657
In base 6, what is 41422120 - -2?
41422122
In base 3, what is 0 - 110221222000?
-110221222000
In base 16, what is -40a - -35?
-3d5
In base 7, what is 35 + 21540?
21605
In base 11, what is -1a090 - -10?
-1a080
In base 5, what is 0 - 14013?
-14013
In base 11, what is -16 + -1763?
-1779
In base 15, what is -2 + -5dda?
-5ddc
In base 2, what is 10101011 - -100010101?
111000000
In base 12, what is 3335 + 3?
3338
In base 15, what is -163e2d + 4?
-163e29
In base 12, what is -25b1 + 2b1?
-2300
In base 8, what is -13352 - -27?
-13323
In base 14, what is 11ca + -17?
11b3
In base 8, what is 476 + -536?
-40
In base 5, what is -2 - 4414403?
-4414410
In base 15, what is -3 - -17831e?
17831b
In base 7, what is 2 - 5010620?
-5010615
In base 10, what is -5 - -217226?
217221
In base 10, what is -2 - -129927?
129925
In base 12, what is 1a - 824?
-806
In base 4, what is -13333233 - 100?
-13333333
In base 2, what is 1110110001000 - -110?
1110110001110
In base 8, what is -502 + -15?
-517
In base 2, what is 11010 + 101010110001?
101011001011
In base 5, what is -21333124 - -4?
-21333120
In base 6, what is -14233 + 1502?
-12331
In base 7, what is -1 + 114336?
114335
In base 9, what is 1 - -242513?
242514
In base 14, what is 504a + 19?
5065
In base 9, what is -57221 - -6?
-57214
In base 13, what is -6 - -6803b?
68035
In base 10, what is 18710 + -218?
18492
In base 2, what is -101 + -1011011110011011010?
-1011011110011011111
In base 4, what is 220310 + 2022?
222332
In base 8, what is 314401 - -4?
314405
In base 11, what is -9325 + -64?
-9389
In base 4, what is 10102010 + -22?
10101322
In base 15, what is 1d0c + -8?
1d04
In base 16, what is -1949 + -5?
-194e
In base 6, what is 2545 - 2405?
140
In base 5, what is 10 - 112344320?
-112344310
In base 15, what is -18 + -db18?
-db31
In base 5, what is -232224202 - 4?
-232224211
In base 16, what is 0 - -a8c88?
a8c88
In base 9, what is -3 - 2